{"id":19,"date":"2011-03-04T14:46:44","date_gmt":"2011-03-04T14:46:44","guid":{"rendered":"http:\/\/www.pontecultura.de\/home\/?page_id=19"},"modified":"2011-03-05T10:56:15","modified_gmt":"2011-03-05T10:56:15","slug":"ziele","status":"publish","type":"page","link":"http:\/\/www.pontecultura.de\/home\/ziele\/","title":{"rendered":"Ziele"},"content":{"rendered":"<h1>Gr\u00fcndung und Ziele<\/h1>\n<p>PONTE CULTURA wurde im Sommer 1990 gegr\u00fcndet, um den kulturellen Austausch zwischen Brasilien und Deutschland &#8211; und damit ein gegenseitiges Verst\u00e4ndnis f\u00fcr die andere Kulturwelt zu f\u00f6rdern.<\/p>\n<p>PONTE CULTURA wurde im Dez. 1992 als gemeinn\u00fctziger Verein im Vereinsregister Frankfurt\/M eingestragen.\u00a0Registrierung als eingetragener Verein\u00a0in Frankfurt\/Main Nr.: 4525093217 am 12.12.1992<\/p>\n<p>Um diese Ziele zu erreichen, plant, veranstaltet und unterst\u00fctzt PONTE CULTURA:<\/p>\n<ul>\n<li>Ausstellungen zeitgen\u00f6ssischer Kunst sowohl\u00a0in Deutschland als auch in Brasilien<\/li>\n<li>K\u00fcnstlersymposien Begegnungen und workshops\u00a0in Europa und Brasilien<\/li>\n<li>Musikveranstaltungen<\/li>\n<li>Literaturveranstaltungen<\/li>\n<\/ul>\n","protected":false},"excerpt":{"rendered":"<p>Gr\u00fcndung und Ziele PONTE CULTURA wurde im Sommer 1990 gegr\u00fcndet, um den kulturellen Austausch zwischen Brasilien und Deutschland &#8211; und damit ein gegenseitiges Verst\u00e4ndnis f\u00fcr die andere Kulturwelt zu f\u00f6rdern. PONTE CULTURA wurde im Dez. 1992 als gemeinn\u00fctziger Verein im &hellip; <a href=\"http:\/\/www.pontecultura.de\/home\/ziele\/\">Weiterlesen <span class=\"meta-nav\">&rarr;<\/span><\/a><\/p>\n","protected":false},"author":1,"featured_media":0,"parent":0,"menu_order":0,"comment_status":"open","ping_status":"open","template":"","meta":{"footnotes":""},"class_list":["post-19","page","type-page","status-publish","hentry"],"_links":{"self":[{"href":"http:\/\/www.pontecultura.de\/home\/wp-json\/wp\/v2\/pages\/19","targetHints":{"allow":["GET"]}}],"collection":[{"href":"http:\/\/www.pontecultura.de\/home\/wp-json\/wp\/v2\/pages"}],"about":[{"href":"http:\/\/www.pontecultura.de\/home\/wp-json\/wp\/v2\/types\/page"}],"author":[{"embeddable":true,"href":"http:\/\/www.pontecultura.de\/home\/wp-json\/wp\/v2\/users\/1"}],"replies":[{"embeddable":true,"href":"http:\/\/www.pontecultura.de\/home\/wp-json\/wp\/v2\/comments?post=19"}],"version-history":[{"count":9,"href":"http:\/\/www.pontecultura.de\/home\/wp-json\/wp\/v2\/pages\/19\/revisions"}],"predecessor-version":[{"id":67,"href":"http:\/\/www.pontecultura.de\/home\/wp-json\/wp\/v2\/pages\/19\/revisions\/67"}],"wp:attachment":[{"href":"http:\/\/www.pontecultura.de\/home\/wp-json\/wp\/v2\/media?parent=19"}],"curies":[{"name":"wp","href":"https:\/\/api.w.org\/{rel}","templated":true}]}}

<h1>Gründung und Ziele</h1>
<p>PONTE CULTURA wurde im Sommer 1990 gegründet, um den kulturellen Austausch zwischen Brasilien und Deutschland &#8211; und damit ein gegenseitiges Verständnis für die andere Kulturwelt zu fördern.</p>
<p>PONTE CULTURA wurde im Dez. 1992 als gemeinnütziger Verein im Vereinsregister Frankfurt/M eingestragen. Registrierung als eingetragener Verein in Frankfurt/Main Nr.: 4525093217 am 12.12.1992</p>
<p>Um diese Ziele zu erreichen, plant, veranstaltet und unterstützt PONTE CULTURA:</p>
<ul>
<li>Ausstellungen zeitgenössischer Kunst sowohl in Deutschland als auch in Brasilien</li>
<li>Künstlersymposien Begegnungen und workshops in Europa und Brasilien</li>
<li>Musikveranstaltungen</li>
<li>Literaturveranstaltungen</li>
</ul>

<p>Gründung und Ziele PONTE CULTURA wurde im Sommer 1990 gegründet, um den kulturellen Austausch zwischen Brasilien und Deutschland &#8211; und damit ein gegenseitiges Verständnis für die andere Kulturwelt zu fördern. PONTE CULTURA wurde im Dez. 1992 als gemeinnütziger Verein im &hellip; <a href="http://www.pontecultura.de/home/ziele/">Weiterlesen <span class="meta-nav">&rarr;</span></a></p>
