{"id":17,"date":"2011-03-04T14:45:18","date_gmt":"2011-03-04T14:45:18","guid":{"rendered":"http:\/\/www.pontecultura.de\/home\/?page_id=17"},"modified":"2024-11-25T14:14:36","modified_gmt":"2024-11-25T14:14:36","slug":"informationen","status":"publish","type":"page","link":"http:\/\/www.pontecultura.de\/home\/informationen\/","title":{"rendered":"Informationen"},"content":{"rendered":"<h1>Infos<\/h1>\n<h3>\u00d6ffentlichkeitsarbeit<\/h3>\n<p>Durch \u00d6ffentlichkeitsarbeit, z.B.: Interviews in Fachzeitschriften<br \/>\nund Projekttr\u00e4gerschaften wird erg\u00e4nzende Arbeit geleistet.<\/p>\n<p>Der Verein bewegt sich in 3 bis 4 Sprachen:<br \/>\nDeutsch, Portugiesisch, Englisch, Franz\u00f6sisch.<\/p>\n","protected":false},"excerpt":{"rendered":"<p>Infos \u00d6ffentlichkeitsarbeit Durch \u00d6ffentlichkeitsarbeit, z.B.: Interviews in Fachzeitschriften und Projekttr\u00e4gerschaften wird erg\u00e4nzende Arbeit geleistet. Der Verein bewegt sich in 3 bis 4 Sprachen: Deutsch, Portugiesisch, Englisch, Franz\u00f6sisch.<\/p>\n","protected":false},"author":1,"featured_media":0,"parent":0,"menu_order":0,"comment_status":"open","ping_status":"open","template":"","meta":{"footnotes":""},"class_list":["post-17","page","type-page","status-publish","hentry"],"_links":{"self":[{"href":"http:\/\/www.pontecultura.de\/home\/wp-json\/wp\/v2\/pages\/17","targetHints":{"allow":["GET"]}}],"collection":[{"href":"http:\/\/www.pontecultura.de\/home\/wp-json\/wp\/v2\/pages"}],"about":[{"href":"http:\/\/www.pontecultura.de\/home\/wp-json\/wp\/v2\/types\/page"}],"author":[{"embeddable":true,"href":"http:\/\/www.pontecultura.de\/home\/wp-json\/wp\/v2\/users\/1"}],"replies":[{"embeddable":true,"href":"http:\/\/www.pontecultura.de\/home\/wp-json\/wp\/v2\/comments?post=17"}],"version-history":[{"count":12,"href":"http:\/\/www.pontecultura.de\/home\/wp-json\/wp\/v2\/pages\/17\/revisions"}],"predecessor-version":[{"id":1475,"href":"http:\/\/www.pontecultura.de\/home\/wp-json\/wp\/v2\/pages\/17\/revisions\/1475"}],"wp:attachment":[{"href":"http:\/\/www.pontecultura.de\/home\/wp-json\/wp\/v2\/media?parent=17"}],"curies":[{"name":"wp","href":"https:\/\/api.w.org\/{rel}","templated":true}]}}